{"id":27,"date":"2022-07-11T17:56:13","date_gmt":"2022-07-11T15:56:13","guid":{"rendered":"https:\/\/zverissimo.sk\/podcast\/?page_id=27"},"modified":"2024-01-25T12:17:14","modified_gmt":"2024-01-25T11:17:14","slug":"o-nas","status":"publish","type":"page","link":"https:\/\/zverissimo.sk\/podcast\/o-nas\/","title":{"rendered":"O n\u00e1s"},"content":{"rendered":"<section class=\"l-section wpb_row titlebar height_medium with_shape\"><div class=\"l-section-overlay\" style=\"background:var(--color-content-primary)\"><\/div><div class=\"l-section-shape type_custom pos_bottom\" style=\"height:100px;\"><svg xmlns=\"http:\/\/www.w3.org\/2000\/svg\" width=\"100%\" height=\"100%\" preserveAspectRatio=\"none\" viewBox=\"0 0 1920 100\">\n    <path d=\"M476.824 31.692C182.612 -1.97773 36.3529 -2.28462 0 1.77066V100H1920V90.3838C1835.29 66.655 1603.55 17.0272 1354.24 8.34667C1042.59 -2.50394 844.588 73.7792 476.824 31.692Z\" fill=\"currentColor\"\/>\n<\/svg><\/div><div class=\"l-section-h i-cf\"><div class=\"g-cols vc_row via_flex valign_top type_default stacking_default\"><div class=\"vc_col-sm-12 vc_col-lg-8 vc_col-md-10 wpb_column vc_column_container\"><div class=\"vc_column-inner\"><div class=\"wpb_wrapper\"><div class=\"wpb_text_column\"><div class=\"wpb_wrapper\"><h1>O na\u0161om projekte<\/h1>\n<p class=\"perex\">Toto je podcast, ktor\u00fd nem\u00e1 s Talianskom ni\u010d spolo\u010dn\u00e9. Nechajte si poradi\u0165, ako na v\u00e1\u0161ho \u0161tvorno\u017eca (a viacno\u017eca \u010di menejno\u017eca), v podcaste s odborn\u00edkmi na zvierat\u00e1, ktor\u00fdch ka\u017ed\u00fa druh\u00fa stredu v mesiaci spoved\u00e1 herec na moder\u00e1torskej stoli\u010dke Jano Dobr\u00edk.<\/p>\n<\/div><\/div><\/div><\/div><\/div><\/div><\/div><\/section><section class=\"l-section wpb_row height_medium\"><div class=\"l-section-overlay\" style=\"background:var(--color-content-bg)\"><\/div><div class=\"l-section-h i-cf\"><div class=\"g-cols vc_row via_flex valign_middle type_default reversed stacking_default\"><div class=\"vc_col-sm-6 wpb_column vc_column_container \"><div class=\"vc_column-inner us_custom_8f2ba1f4 us_animate_this\"><div class=\"wpb_wrapper\"><div class=\"w-image align_none\"><div class=\"w-image-h\"><img width=\"660\" height=\"622\" src=\"https:\/\/zverissimo.sk\/podcast\/engine\/wp-content\/uploads\/2022\/07\/moderator_main.jpg\" class=\"attachment-full size-full\" alt=\"\" loading=\"lazy\" srcset=\"https:\/\/zverissimo.sk\/podcast\/engine\/wp-content\/uploads\/2022\/07\/moderator_main.jpg 660w, https:\/\/zverissimo.sk\/podcast\/engine\/wp-content\/uploads\/2022\/07\/moderator_main-600x565.jpg 600w, https:\/\/zverissimo.sk\/podcast\/engine\/wp-content\/uploads\/2022\/07\/moderator_main-300x283.jpg 300w\" sizes=\"(max-width: 660px) 100vw, 660px\" \/><\/div><\/div><\/div><\/div><\/div><div class=\"vc_col-sm-6 vc_col-lg-offset-1 vc_col-lg-5 wpb_column vc_column_container \"><div class=\"vc_column-inner us_custom_47474b22 us_animate_this\"><div class=\"wpb_wrapper\"><div class=\"w-vwrapper contentWrapper align_none valign_top\" style=\"--vwrapper-gap:40px\"><div class=\"wpb_text_column\"><div class=\"wpb_wrapper\"><p class=\"label\">Moder\u00e1tor<\/p>\n<h2>Jano Dobr\u00edk<\/h2>\n<p>N\u00e1\u0161 herec na moder\u00e1torskej stoli\u010dke nielen sed\u00ed, ale aj \u0161ikovne kladie ot\u00e1zky. Janko si v Zverissime sk\u00fa\u0161a, ak\u00e9 to je by\u0165 v podcaste &#8222;host&#8220;, namiesto &#8222;hos\u0165&#8220;. Jeho pr\u00edjemn\u00fd hlas m\u00f4\u017eete po\u010d\u00fava\u0165 na ob\u013e\u00faben\u00fdch podcastov\u00fdch platform\u00e1ch a ak v\u00e1m ch\u00fdba obraz, nebojte. Epiz\u00f3dy vo forme videa n\u00e1jdete na YouTube kan\u00e1li Zverissimo.<\/p>\n<\/div><\/div><\/div><\/div><\/div><\/div><\/div><\/div><\/section><section class=\"l-section wpb_row height_medium\"><div class=\"l-section-h i-cf\"><div class=\"g-cols vc_row via_flex valign_middle type_default stacking_default\"><div class=\"vc_col-sm-6 vc_col-lg-5 wpb_column vc_column_container \"><div class=\"vc_column-inner us_custom_7e20fa79 us_animate_this\"><div class=\"wpb_wrapper\"><div class=\"w-vwrapper contentWrapper align_none valign_top\" style=\"--vwrapper-gap:40px\"><div class=\"wpb_text_column\"><div class=\"wpb_wrapper\"><p class=\"label\">Sponzor<\/p>\n<h2>Pharmacopola<\/h2>\n<p>Bez podpory siln\u00e9ho partnera by ani Zverissimo nebolo Zverissimom. V\u010faka spolo\u010dnosti Pharmacopola m\u00f4\u017eete ka\u017ed\u00fa druh\u00fa stredu v mesiaci po\u010d\u00fava\u0165 nov\u00fa epiz\u00f3du a dozvedie\u0165 sa od dvojno\u017ecov, ako na v\u00e1\u0161ho \u0161tvorno\u017eca.<\/p>\n<\/div><\/div><div class=\"w-image align_none\"><div class=\"w-image-h\"><img src=\"https:\/\/zverissimo.sk\/podcast\/engine\/wp-content\/uploads\/2022\/07\/pharmacopola_logo.svg\" class=\"attachment-full size-full\" alt=\"\" loading=\"lazy\" \/><\/div><\/div><div class=\"w-btn-wrapper align_none\"><a class=\"w-btn us-btn-style_1\" target=\"_blank\" href=\"https:\/\/pharmacopola.sk\" rel=\"noopener\"><span class=\"w-btn-label\">O Pharmacopole<\/span><\/a><\/div><\/div><\/div><\/div><\/div><div class=\"vc_col-sm-6 vc_col-lg-offset-1 vc_col-lg-6 wpb_column vc_column_container \"><div class=\"vc_column-inner us_custom_8f2ba1f4 us_animate_this\"><div class=\"wpb_wrapper\"><div class=\"w-image align_none\"><div class=\"w-image-h\"><img width=\"570\" height=\"553\" src=\"https:\/\/zverissimo.sk\/podcast\/engine\/wp-content\/uploads\/2022\/07\/pharmacopola_main.jpg\" class=\"attachment-full size-full\" alt=\"\" loading=\"lazy\" srcset=\"https:\/\/zverissimo.sk\/podcast\/engine\/wp-content\/uploads\/2022\/07\/pharmacopola_main.jpg 570w, https:\/\/zverissimo.sk\/podcast\/engine\/wp-content\/uploads\/2022\/07\/pharmacopola_main-300x291.jpg 300w\" sizes=\"(max-width: 570px) 100vw, 570px\" \/><\/div><\/div><\/div><\/div><\/div><\/div><\/div><\/section><section class=\"l-section wpb_row height_medium\"><div class=\"l-section-h i-cf\"><div class=\"g-cols vc_row via_flex valign_middle type_default reversed stacking_default\"><div class=\"vc_col-sm-6 wpb_column vc_column_container \"><div class=\"vc_column-inner us_custom_8f2ba1f4 us_animate_this\"><div class=\"wpb_wrapper\"><div class=\"w-image align_none\"><div class=\"w-image-h\"><img width=\"570\" height=\"553\" src=\"https:\/\/zverissimo.sk\/podcast\/engine\/wp-content\/uploads\/2022\/07\/shtoodio_main.jpg\" class=\"attachment-full size-full\" alt=\"\" loading=\"lazy\" srcset=\"https:\/\/zverissimo.sk\/podcast\/engine\/wp-content\/uploads\/2022\/07\/shtoodio_main.jpg 570w, https:\/\/zverissimo.sk\/podcast\/engine\/wp-content\/uploads\/2022\/07\/shtoodio_main-300x291.jpg 300w\" sizes=\"(max-width: 570px) 100vw, 570px\" \/><\/div><\/div><\/div><\/div><\/div><div class=\"vc_col-sm-6 vc_col-lg-offset-1 vc_col-lg-5 wpb_column vc_column_container \"><div class=\"vc_column-inner us_custom_47474b22 us_animate_this\"><div class=\"wpb_wrapper\"><div class=\"w-vwrapper contentWrapper align_none valign_top\" style=\"--vwrapper-gap:40px\"><div class=\"wpb_text_column\"><div class=\"wpb_wrapper\"><p class=\"label\">Produkcia<\/p>\n<h2>Shtoodio<\/h2>\n<p>Niekto to cel\u00e9 vymyslel a niekde sa to cel\u00e9 nahr\u00e1va&#8230; Pr\u00e1ve bystrick\u00fd podcastov\u00fd boutique Shtoodio stoj\u00ed za v\u00fdrobou ka\u017edej \u010dasti podcastu o \u0161tvorno\u017ecoch ktor\u00fd nem\u00e1 s Talianskom ni\u010d spolo\u010dn\u00e9.<\/p>\n<\/div><\/div><div class=\"w-image align_none\"><div class=\"w-image-h\"><img src=\"https:\/\/zverissimo.sk\/podcast\/engine\/wp-content\/uploads\/2022\/07\/shtoodio_logo.svg\" class=\"attachment-full size-full\" alt=\"\" loading=\"lazy\" \/><\/div><\/div><div class=\"w-btn-wrapper align_none\"><a class=\"w-btn us-btn-style_1\" target=\"_blank\" href=\"https:\/\/shtoodio.com\" rel=\"noopener\"><span class=\"w-btn-label\">O Shtoodiu<\/span><\/a><\/div><\/div><\/div><\/div><\/div><\/div><\/div><\/section>\n","protected":false},"excerpt":{"rendered":"O na\u0161om projekte Toto je podcast, ktor\u00fd nem\u00e1 s Talianskom ni\u010d spolo\u010dn\u00e9. Nechajte si poradi\u0165, ako na v\u00e1\u0161ho \u0161tvorno\u017eca (a viacno\u017eca \u010di menejno\u017eca), v podcaste s odborn\u00edkmi na zvierat\u00e1, ktor\u00fdch ka\u017ed\u00fa druh\u00fa stredu v mesiaci spoved\u00e1 herec na moder\u00e1torskej stoli\u010dke Jano Dobr\u00edk. Moder\u00e1tor Jano Dobr\u00edk N\u00e1\u0161 herec na moder\u00e1torskej stoli\u010dke nielen sed\u00ed, ale aj \u0161ikovne...","protected":false},"author":1,"featured_media":0,"parent":0,"menu_order":0,"comment_status":"closed","ping_status":"closed","template":"","meta":{"inline_featured_image":false},"acf":[],"yoast_head":"<title>O n\u00e1s - Zverissimo<\/title>\n<meta name=\"description\" content=\"Zverissimo je podcast o zvierat\u00e1ch a m\u00f4\u017eete ho po\u010d\u00fava\u0165 v\u010faka spolo\u010dnosti Pharmacopola. Produkuje podcastov\u00fd boutique Shtoodio.\" \/>\n<meta name=\"robots\" content=\"index, follow, max-snippet:-1, max-image-preview:large, max-video-preview:-1\" \/>\n<link rel=\"canonical\" href=\"https:\/\/zverissimo.sk\/podcast\/o-nas\/\" \/>\n<meta property=\"og:locale\" content=\"sk_SK\" \/>\n<meta property=\"og:type\" content=\"article\" \/>\n<meta property=\"og:title\" content=\"O n\u00e1s - Zverissimo\" \/>\n<meta property=\"og:description\" content=\"Zverissimo je podcast o zvierat\u00e1ch a m\u00f4\u017eete ho po\u010d\u00fava\u0165 v\u010faka spolo\u010dnosti Pharmacopola. Produkuje podcastov\u00fd boutique Shtoodio.\" \/>\n<meta property=\"og:url\" content=\"https:\/\/zverissimo.sk\/podcast\/o-nas\/\" \/>\n<meta property=\"og:site_name\" content=\"Zverissimo\" \/>\n<meta property=\"article:publisher\" content=\"https:\/\/www.facebook.com\/zverissimo\" \/>\n<meta property=\"article:modified_time\" content=\"2024-01-25T11:17:14+00:00\" \/>\n<meta property=\"og:image\" content=\"https:\/\/zverissimo.sk\/podcast\/engine\/wp-content\/uploads\/2022\/07\/zverssimo-share-image.jpg\" \/>\n\t<meta property=\"og:image:width\" content=\"1200\" \/>\n\t<meta property=\"og:image:height\" content=\"630\" \/>\n\t<meta property=\"og:image:type\" content=\"image\/jpeg\" \/>\n<meta name=\"twitter:card\" content=\"summary_large_image\" \/>\n<meta name=\"twitter:label1\" content=\"Predpokladan\u00fd \u010das \u010d\u00edtania\" \/>\n\t<meta name=\"twitter:data1\" content=\"2 min\u00faty\" \/>\n<script type=\"application\/ld+json\" class=\"yoast-schema-graph\">{\"@context\":\"https:\/\/schema.org\",\"@graph\":[{\"@type\":\"WebPage\",\"@id\":\"https:\/\/zverissimo.sk\/podcast\/o-nas\/\",\"url\":\"https:\/\/zverissimo.sk\/podcast\/o-nas\/\",\"name\":\"O n\u00e1s - Zverissimo\",\"isPartOf\":{\"@id\":\"https:\/\/zverissimo.sk\/podcast\/#website\"},\"datePublished\":\"2022-07-11T15:56:13+00:00\",\"dateModified\":\"2024-01-25T11:17:14+00:00\",\"description\":\"Zverissimo je podcast o zvierat\u00e1ch a m\u00f4\u017eete ho po\u010d\u00fava\u0165 v\u010faka spolo\u010dnosti Pharmacopola. Produkuje podcastov\u00fd boutique Shtoodio.\",\"breadcrumb\":{\"@id\":\"https:\/\/zverissimo.sk\/podcast\/o-nas\/#breadcrumb\"},\"inLanguage\":\"sk-SK\",\"potentialAction\":[{\"@type\":\"ReadAction\",\"target\":[\"https:\/\/zverissimo.sk\/podcast\/o-nas\/\"]}]},{\"@type\":\"BreadcrumbList\",\"@id\":\"https:\/\/zverissimo.sk\/podcast\/o-nas\/#breadcrumb\",\"itemListElement\":[{\"@type\":\"ListItem\",\"position\":1,\"name\":\"Domovsk\u00e1 str\u00e1nka\",\"item\":\"https:\/\/zverissimo.sk\/podcast\/\"},{\"@type\":\"ListItem\",\"position\":2,\"name\":\"O n\u00e1s\"}]},{\"@type\":\"WebSite\",\"@id\":\"https:\/\/zverissimo.sk\/podcast\/#website\",\"url\":\"https:\/\/zverissimo.sk\/podcast\/\",\"name\":\"Zverissimo\",\"description\":\"Podcast: Dvojno\u017eci o \u0161tvorno\u017ecoch\",\"publisher\":{\"@id\":\"https:\/\/zverissimo.sk\/podcast\/#organization\"},\"potentialAction\":[{\"@type\":\"SearchAction\",\"target\":{\"@type\":\"EntryPoint\",\"urlTemplate\":\"https:\/\/zverissimo.sk\/podcast\/?s={search_term_string}\"},\"query-input\":\"required name=search_term_string\"}],\"inLanguage\":\"sk-SK\"},{\"@type\":\"Organization\",\"@id\":\"https:\/\/zverissimo.sk\/podcast\/#organization\",\"name\":\"Zverissimo\",\"url\":\"https:\/\/zverissimo.sk\/podcast\/\",\"logo\":{\"@type\":\"ImageObject\",\"inLanguage\":\"sk-SK\",\"@id\":\"https:\/\/zverissimo.sk\/podcast\/#\/schema\/logo\/image\/\",\"url\":\"https:\/\/zverissimo.sk\/podcast\/engine\/wp-content\/uploads\/2022\/07\/zverissimo_logo.svg\",\"contentUrl\":\"https:\/\/zverissimo.sk\/podcast\/engine\/wp-content\/uploads\/2022\/07\/zverissimo_logo.svg\",\"width\":240,\"height\":35,\"caption\":\"Zverissimo\"},\"image\":{\"@id\":\"https:\/\/zverissimo.sk\/podcast\/#\/schema\/logo\/image\/\"},\"sameAs\":[\"https:\/\/www.instagram.com\/zverissimo_podcast\/\",\"https:\/\/www.facebook.com\/zverissimo\"]}]}<\/script>","yoast_head_json":{"title":"O n\u00e1s - Zverissimo","description":"Zverissimo je podcast o zvierat\u00e1ch a m\u00f4\u017eete ho po\u010d\u00fava\u0165 v\u010faka spolo\u010dnosti Pharmacopola. Produkuje podcastov\u00fd boutique Shtoodio.","robots":{"index":"index","follow":"follow","max-snippet":"max-snippet:-1","max-image-preview":"max-image-preview:large","max-video-preview":"max-video-preview:-1"},"canonical":"https:\/\/zverissimo.sk\/podcast\/o-nas\/","og_locale":"sk_SK","og_type":"article","og_title":"O n\u00e1s - Zverissimo","og_description":"Zverissimo je podcast o zvierat\u00e1ch a m\u00f4\u017eete ho po\u010d\u00fava\u0165 v\u010faka spolo\u010dnosti Pharmacopola. Produkuje podcastov\u00fd boutique Shtoodio.","og_url":"https:\/\/zverissimo.sk\/podcast\/o-nas\/","og_site_name":"Zverissimo","article_publisher":"https:\/\/www.facebook.com\/zverissimo","article_modified_time":"2024-01-25T11:17:14+00:00","og_image":[{"width":1200,"height":630,"url":"https:\/\/zverissimo.sk\/podcast\/engine\/wp-content\/uploads\/2022\/07\/zverssimo-share-image.jpg","type":"image\/jpeg"}],"twitter_card":"summary_large_image","twitter_misc":{"Predpokladan\u00fd \u010das \u010d\u00edtania":"2 min\u00faty"},"schema":{"@context":"https:\/\/schema.org","@graph":[{"@type":"WebPage","@id":"https:\/\/zverissimo.sk\/podcast\/o-nas\/","url":"https:\/\/zverissimo.sk\/podcast\/o-nas\/","name":"O n\u00e1s - Zverissimo","isPartOf":{"@id":"https:\/\/zverissimo.sk\/podcast\/#website"},"datePublished":"2022-07-11T15:56:13+00:00","dateModified":"2024-01-25T11:17:14+00:00","description":"Zverissimo je podcast o zvierat\u00e1ch a m\u00f4\u017eete ho po\u010d\u00fava\u0165 v\u010faka spolo\u010dnosti Pharmacopola. Produkuje podcastov\u00fd boutique Shtoodio.","breadcrumb":{"@id":"https:\/\/zverissimo.sk\/podcast\/o-nas\/#breadcrumb"},"inLanguage":"sk-SK","potentialAction":[{"@type":"ReadAction","target":["https:\/\/zverissimo.sk\/podcast\/o-nas\/"]}]},{"@type":"BreadcrumbList","@id":"https:\/\/zverissimo.sk\/podcast\/o-nas\/#breadcrumb","itemListElement":[{"@type":"ListItem","position":1,"name":"Domovsk\u00e1 str\u00e1nka","item":"https:\/\/zverissimo.sk\/podcast\/"},{"@type":"ListItem","position":2,"name":"O n\u00e1s"}]},{"@type":"WebSite","@id":"https:\/\/zverissimo.sk\/podcast\/#website","url":"https:\/\/zverissimo.sk\/podcast\/","name":"Zverissimo","description":"Podcast: Dvojno\u017eci o \u0161tvorno\u017ecoch","publisher":{"@id":"https:\/\/zverissimo.sk\/podcast\/#organization"},"potentialAction":[{"@type":"SearchAction","target":{"@type":"EntryPoint","urlTemplate":"https:\/\/zverissimo.sk\/podcast\/?s={search_term_string}"},"query-input":"required name=search_term_string"}],"inLanguage":"sk-SK"},{"@type":"Organization","@id":"https:\/\/zverissimo.sk\/podcast\/#organization","name":"Zverissimo","url":"https:\/\/zverissimo.sk\/podcast\/","logo":{"@type":"ImageObject","inLanguage":"sk-SK","@id":"https:\/\/zverissimo.sk\/podcast\/#\/schema\/logo\/image\/","url":"https:\/\/zverissimo.sk\/podcast\/engine\/wp-content\/uploads\/2022\/07\/zverissimo_logo.svg","contentUrl":"https:\/\/zverissimo.sk\/podcast\/engine\/wp-content\/uploads\/2022\/07\/zverissimo_logo.svg","width":240,"height":35,"caption":"Zverissimo"},"image":{"@id":"https:\/\/zverissimo.sk\/podcast\/#\/schema\/logo\/image\/"},"sameAs":["https:\/\/www.instagram.com\/zverissimo_podcast\/","https:\/\/www.facebook.com\/zverissimo"]}]}},"_links":{"self":[{"href":"https:\/\/zverissimo.sk\/podcast\/wp-json\/wp\/v2\/pages\/27"}],"collection":[{"href":"https:\/\/zverissimo.sk\/podcast\/wp-json\/wp\/v2\/pages"}],"about":[{"href":"https:\/\/zverissimo.sk\/podcast\/wp-json\/wp\/v2\/types\/page"}],"author":[{"embeddable":true,"href":"https:\/\/zverissimo.sk\/podcast\/wp-json\/wp\/v2\/users\/1"}],"replies":[{"embeddable":true,"href":"https:\/\/zverissimo.sk\/podcast\/wp-json\/wp\/v2\/comments?post=27"}],"version-history":[{"count":3,"href":"https:\/\/zverissimo.sk\/podcast\/wp-json\/wp\/v2\/pages\/27\/revisions"}],"predecessor-version":[{"id":532,"href":"https:\/\/zverissimo.sk\/podcast\/wp-json\/wp\/v2\/pages\/27\/revisions\/532"}],"wp:attachment":[{"href":"https:\/\/zverissimo.sk\/podcast\/wp-json\/wp\/v2\/media?parent=27"}],"curies":[{"name":"wp","href":"https:\/\/api.w.org\/{rel}","templated":true}]}}